n factor of 76647 and 174?
87
Calculate the highest common divisor of 44 and 147367.
11
Calculate the greatest common factor of 30178 and 3160.
158
Calculate the highest common factor of 420 and 247716.
84
Calculate the highest common divisor of 101101 and 770.
77
Calculate the greatest common divisor of 36361 and 377.
13
What is the highest common divisor of 2126660 and 40?
20
What is the highest common factor of 22 and 1365463?
11
Calculate the highest common factor of 588 and 100401.
147
What is the highest common divisor of 39 and 4460144?
13
Calculate the highest common divisor of 242775 and 65.
65
What is the greatest common divisor of 640 and 1912?
8
What is the highest common factor of 123273 and 18?
9
What is the highest common divisor of 45 and 15177735?
45
What is the highest common divisor of 21 and 1224972?
21
Calculate the highest common divisor of 5 and 141275.
5
What is the greatest common factor of 11550 and 1334850?
1650
What is the greatest common factor of 5143 and 629?
37
Calculate the greatest common factor of 44764 and 4092.
124
Calculate the greatest common factor of 74581 and 39.
13
Calculate the greatest common divisor of 465216 and 288.
96
Calculate the highest common divisor of 19 and 1311551.
19
What is the highest common divisor of 2846 and 5793033?
1423
What is the greatest common factor of 6237 and 216?
27
Calculate the greatest common divisor of 2200 and 1315.
5
What is the highest common divisor of 25506 and 8175?
327
Calculate the greatest common factor of 15603 and 21.
21
What is the greatest common divisor of 3 and 264672?
3
What is the greatest common factor of 16 and 2984?
8
What is the highest common divisor of 3860058 and 372?
186
Calculate the highest common divisor of 997598 and 14.
14
What is the highest common divisor of 461256 and 6?
6
Calculate the greatest common factor of 57281 and 334.
167
Calculate the highest common factor of 127136 and 2088.
232
What is the highest common factor of 6116 and 5764?
44
What is the greatest common factor of 1510 and 4070?
10
Calculate the highest common divisor of 297 and 10131.
33
Calculate the greatest common divisor of 6912 and 16092.
108
Calculate the highest common factor of 2035460 and 10.
10
Calculate the highest common factor of 336088 and 21494.
1954
What is the highest common factor of 2119 and 1198865?
163
Calculate the greatest common factor of 312 and 3817736.
104
What is the greatest common divisor of 1492593 and 2558?
1279
Calculate the greatest common factor of 204642 and 12.
6
Calculate the highest common factor of 2660 and 2884.
28
What is the highest common factor of 164 and 8159?
41
What is the highest common factor of 1272 and 9852?
12
What is the greatest common divisor of 1954 and 6?
2
Calculate the highest common factor of 424 and 1208612.
212
Calculate the highest common divisor of 10307 and 22.
11
What is the greatest common factor of 782 and 191862?
34
Calculate the highest common factor of 255 and 113640.
15
What is the highest common factor of 327877 and 1066?
41
Calculate the greatest common factor of 536 and 205958.
134
What is the highest common factor of 139368 and 192?
24
Calculate the highest common divisor of 6947307 and 2169.
2169
What is the greatest common divisor of 435132 and 1185?
237
What is the greatest common factor of 235 and 247549?
47
Calculate the highest common divisor of 5130 and 42930.
270
Calculate the highest common factor of 7 and 7070.
7
Calculate the highest common divisor of 29 and 878903.
29
What is the highest common factor of 1708 and 98?
14
What is the greatest common divisor of 3990 and 240540?
570
Calculate the highest common factor of 78624 and 1287.
117
What is the highest common divisor of 20 and 5067620?
20
Calculate the highest common factor of 654 and 132.
6
What is the greatest common factor of 253 and 387067?
23
Calculate the highest common divisor of 8393 and 36113.
77
What is the highest common divisor of 20358 and 1218?
174
Calculate the highest common divisor of 39 and 8801.
13
Calculate the greatest common divisor of 30 and 63610.
10
What is the greatest common factor of 4090 and 1290?
10
Calculate the highest common factor of 1362 and 642.
6
What is the highest common factor of 28514 and 5918?
538
What is the highest common factor of 40 and 6770?
10
Calculate the greatest common factor of 99 and 2466475.
11
What is the greatest common divisor of 276584 and 1848?
616
Calculate the highest common factor of 34185 and 1720.
215
Calculate the greatest common factor of 30 and 24648.
6
What is the greatest common factor of 768 and 1956?
12
What is the greatest common divisor of 7740 and 1840?
20
Calculate the greatest common factor of 43848 and 58.
58
Calculate the greatest common factor of 19270 and 80.
10
Calculate the greatest common divisor of 13605 and 75.
15
What is the greatest common divisor of 12016 and 784?
16
What is the greatest common divisor of 2710 and 545?
5
Calculate the greatest common divisor of 131070 and 765.
255
What is the highest common factor of 741 and 11571?
57
Calculate the highest common factor of 164 and 5066452.
164
What is the highest common factor of 49530 and 2990?
130
What is the greatest common factor of 536 and 4792376?
536
What is the greatest common divisor of 295365 and 2716?
679
Calculate the greatest common divisor of 3872 and 1089.
121
Calculate the greatest common divisor of 766 and 269.
1
What is the greatest common divisor of 8432 and 15872?
496
Calculate the highest common divisor of 259 and 44215.
37
What is the highest common divisor of 13756 and 7600?
76
What is the highest common factor of 748 and 10659?
187
What is the greatest common divisor of 54 and 32652?
18
What is the greatest common divisor of 770 and 141295?
385
What is the highest common factor of 257619 and 237?
237
Calculate the greatest common divisor of 4825 and 35925.
25
What is the highest common factor of 30 and 1158672?
6
What is the highest common factor of 488 and 859734?
122
Calculate the greatest common divisor of 13708 and 10143.
23
What is the greatest common divisor of 28776 and 1320?
264
What is the greatest common divisor of 810 and 24480?
90
Calculate the greatest common divisor of 1674 and 164238.
186
Calculate the highest common divisor of 1243 and 3842.
113
Calculate the greatest common factor of 1989650 and 1300.
650
What is the highest common factor of 24237 and 18?
9
What is the highest common factor of 1026 and 3767814?
342
Calculate the highest common divisor of 496 and 795398.
62
What is the highest common divisor of 21995 and 10375?
415
Calculate the highest common divisor of 92868 and 36.
12
Calculate the highest common factor of 1551 and 2013.
33
Calculate the greatest common divisor of 610 and 6880.
10
Calculate the greatest common divisor of 8 and 5534636.
4
Calculate the highest common divisor of 793 and 163297.
61
Calculate the greatest common factor of 1146 and 246.
6
What is the highest common factor of 370 and 215?
5
Calculate the highest common factor of 4529 and 14.
7
What is the highest common divisor of 7403 and 6523?
11
Calculate the greatest common divisor of 64010 and 1776.
74
What is the greatest common divisor of 366582 and 1284?
642
What is the highest common divisor of 7658424 and 72?
72
What is the highest common divisor of 3978 and 1196494?
442
What is the greatest common divisor of 810 and 15975?
45
What is the highest common divisor of 143434 and 58?
58
What is the highest common divisor of 2007172 and 1011?
337
What is the highest common divisor of 19 and 3957263?
19
What is the highest common divisor of 432 and 96?
48
What is the highest common divisor of 46942 and 49?
49
What is the greatest common divisor of 59 and 408103?
59
Calculate the greatest common divisor of 12024 and 3.
3
Calculate the greatest common factor of 37 and 1133384.
37
Calculate the highest common factor of 108309 and 1185.
237
Calculate the highest common factor of 585620 and 10.
10
Calculate the greatest common divisor of 85 and 77503.
17
Calculate the greatest common divisor of 51 and 132413.
17
What is the highest common factor of 750 and 165660?
30
Calculate the greatest common divisor of 630 and 990.
90
Calculate the greatest common divisor of 337